ate (66 - 5) + (10 - 78).
-7
8 - (16 + (32 - -7 - -51))
-98
What is the value of 51 + (-17 - (49 - -22))?
-37
What is (134 + -127 - (2 + 3)) + -14 - (3 + -86)?
71
Calculate -9090 - -9092 - ((-1 - 5) + 1).
7
1 + (20 - 13) - (58 - (4 - (3 - 5)))
-44
Calculate -10 + 22 + (-2 - 3) - (-88 + (-5 - 4)).
104
What is the value of -743 + 873 - (2 + 1 - -35)?
92
What is (-56 - -54 - -10) + (1 - 20)?
-11
What is the value of 85 + -75 + (-107 - -196)?
99
Calculate -57 + -28 + 75 + (0 - -2).
-8
What is 9 - (-48 + 52 + 151)?
-146
What is the value of 4 + (-31 - (-60 + 41))?
-8
What is the value of (33 - 63 - (-57 - -16)) + (-1 - 7)?
3
What is the value of -14 + -31 + (-8 - -27) + -11 + -4?
-41
What is 42 - ((26 + -64 - -10) + 56)?
14
Calculate 13 + (-2 - -2) + 1946 + -1961.
-2
What is the value of (4 - (9 - 5)) + (-15 - -15) + 20 + -9?
11
Evaluate -148 + 149 - (-50 - -14).
37
What is (33 - -36) + -71 - (1 + 3 + -11)?
5
Evaluate -46 + 83 + -59 + -11 + -2.
-35
Evaluate (-4 + 0 - (-2 - 10)) + (-45 - -34).
-3
What is the value of (-48 - 1) + (-3 + -12 + 7 - -6 - -12)?
-39
-8 - (4 - -10 - (45 - (-16 + 4)))
35
What is the value of -46 + (3 - 1) + 0 + -4 + (46 - 45)?
-47
Calculate 9 + 2 - (34 - 43 - 15).
35
What is the value of 112 + -122 - (-90 + 17)?
63
What is 0 + -29 - (142 + -243 + 146)?
-74
What is -10 - (0 - -4 - 4 - -22) - -11?
-21
What is (7 - -7 - (-4 - -15 - 55)) + -8?
50
-25 - (13 + 25 + (-52 - -31))
-42
(8 - (-24 - -10)) + (1 - 12) + 15
26
What is -12 + (1 - -1 - (-7 + 7)) + 141 + -70?
61
Calculate 37 + (32 - 23) - 22.
24
What is (6 - 1) + -3 + -2 + 5 + 47?
52
What is -24 + 188 + -193 + 141?
112
What is 25 + 2 + -35 - -25?
17
Evaluate 2 + (3 - 23) - (1528 + -1539).
-7
Evaluate (4 - 70) + (1 + 4 + -9 - -14 - 5).
-61
Evaluate -122 - -28 - (-24 - (-13 - -16 - 10)).
-77
(-136 - -54 - -17) + 39
-26
Evaluate (50 - (42 - -14) - (40 - -1)) + 12.
-35
What is 760 - 820 - (-105 + 0)?
45
What is (-2 - (-2 - -2 - -9)) + 257 + -313 - -5?
-62
(25 - 10) + (-72 + -9 - -38)
-28
-4 - (-74 + 24 + 44)
2
Evaluate (87 - (0 + 0)) + (-11 - (-55 + 55)) + -11.
65
What is the value of 1 - (-78 + 144 - (8 + 8))?
-49
What is the value of (-4 + -10 - (81 + -5)) + 6 + 2 - 4?
-86
0 - 23 - (3096 + -3140)
21
What is -1 + 31 - (-2518 + 2540)?
8
Calculate -26 + 5 + 11 + (-4 - -18 - -2).
6
Calculate 32 + (1 - -4) + -9 - (-13 + (23 - 21)).
39
22 - (788 + -767 - (0 + -16))
-15
Calculate -21 + 2 - ((-113 - -77) + 14).
3
(-26 - 73) + 126 + -22 + (2 - 0)
7
Calculate 2 - (-16 - (-29 + -9 + -50 + 69)).
-1
0 + (-13 + -1 + 26 - -43)
55
20 + ((25 - 43) + 103 - -7) - (12 + 0)
100
-13 + 2 - (21 + (-3 + 10 - 12))
-27
Evaluate 57 - (58 - 51) - 7.
43
What is the value of 72 + -84 + 86 + (-29 - 0)?
45
What is -42 + -48 + 28 + 132?
70
What is the value of -9358 + 9369 - (-8 + (-1 + 2 - 1))?
19
(10 + -1 - -10) + -11 + 4 + -8
4
What is the value of 16 + (-30 - -2) + (62 - 127 - -71)?
-6
What is 16 - (-28 + 66 + -19 + 10)?
-13
Calculate 3 + 3 - (-13 + (3 - -10) + -61 - -11).
56
Calculate -10 + (-13 - -2) + -13 + 16 + -7.
-25
What is the value of -60 - (5 + 11 + -8) - (9 + (-14 - -2))?
-65
What is (119 - 16) + 94 + -116?
81
Evaluate 204 + 213 + -431 + (1 + -2 - 91).
-106
9 - (28 + -48) - 6
23
What is (117 - 1) + (-23 - (-34 - -13 - (17 - 24)))?
107
145 + -58 + -41 - 8
38
What is the value of 14 + 22 + -22 + 20 + -18?
16
What is -3610 + 3574 + (-2 - 43)?
-81
What is the value of 11 - 3 - (-2 + 15 + -17 + 38)?
-26
Evaluate 15 + -85 + 13 + -1 + 4 + 0 + 11.
-43
-2 + -3 + 61 + (-1238 - -1211)
29
-36 + (3 + 8 - 25 - -10 - 7)
-47
-74 + (-19 + 1 - (66 + -94))
-64
What is the value of (7 - 4) + 12 + 22 + -22?
15
Evaluate (-9 + (2 - 22) + 11 - -10) + -6.
-14
Calculate (-4 + 12 - 21) + 16 - 18.
-15
Calculate -65 - (77 + -52 + -97).
7
-30 + 27 + -22 - -25 - 92
-92
What is (-1 + (-17 - -16) - -3) + -18?
-17
-5 - ((15 - 12) + -9 + 3)
-2
(-27 + 87 - 55) + -32 + (0 - 0)
-27
What is (-59 - 10) + (44 - 15)?
-40
What is 406 + -369 - (-1 - -38)?
0
What is -49 + 47 + 5 + (-152 - -12 - -15)?
-122
Calculate 12 - 3 - 3 - (73 - 87 - (-7 - 4)).
9
What is 40 + (63 - 126) + 50?
27
Calculate 124 - (54 + 152 + -104).
22
What is the value of -2 + 3 + 24 + -32 + 23 + 19?
35
What is the value of 5 + -5 - 23 - 9 - -68?
36
What is the value of (-2 - -25) + (-13 - (-1 - (10 - (-1 + 13))))?
9
Calculate -28 - ((-5 - (-23 + 13)) + -16).
-17
What is the value of 0 + -15 + (144 - 111) - 13?
5
What is 0 + (88 - 1) - (21507 + -21517)?
97
What is the value of (-11 - (-11 + -8)) + 19?
27
What is -39 + 28 + -66 + 55?
-22
71 - (-1 + 4 - ((9 - 3) + 13 + -24))
63
0 + (1 - -15) + (-19 - (-6 - 20))
23
What is the value of (-84 - 8) + 147 + -55?
0
What is the value of (12 - (8 + -17)) + -78 - -7?
-50
Evaluate 39 - (27 + 10 + 94).
-92
What is -10651 + 10577 - (-48 - -1)?
-27
6 - (-72 - -67) - -81
92
What is 17 + (-101 - ((-22 - 0) + 31 - 11))?
-82
Evaluate -1 + 12 + (204 - (32 - -38) - (1 + 2)).
142
Calculate (-1 - (1 + 5)) + (-6 - 14 - -1) + -10.
-36
Evaluate -99 + (74 + -81 - -53).
-53
(-168 - -159) + -3 + 11 + 4
3
Calculate 3 - (76 + (-13 - 7)).
-53
What is the value of (-2 - -8) + 75 + -104 + 33?
10
Evaluate 20 - 42 - -8 - (-2 - (6 + -6)).
-12
153 + (4 - 2) - (-36119 - -36134)
140
What is (-1 - -29) + (-339 - -312) + -41 + 0 + 1?
-39
What is the value of 1456 + -1451 - ((0 + 0 - 4) + 45 + -171)?
135
-3 + (5 - (17 - (38 - (15 - 18))))
26
18491 + -18614 + (-2 - (-38 + 0))
-87
What is the value of 71 + 69 + -26 + -100 + (1 - 138) + -2?
-125
Calculate (-25 - -20) + (3 - (-21 + 25 - -2)).
-8
Calculate (0 - (-7 + -7) - (62 - 101)) + -2.
51
-1 + -103 + 50 + 94
40
(22 + -31 + 14 - 29) + -3 + -116
-143
5 + -13 + -11 + 18 + 0 + (-3 - -30)
26
Evaluate (12 - 2) + -3 - (-1 + 9 + 5) - -58.
52
What is the value of -36 + 11 - -29 - 46?
-42
Calculate -396 + 411 + (1 + -2 - -31) + 11.
56
Calculate 380 + -374 - (-16 + 1 + 2).
19
54 + -52 - (16 + 10)
-24
0 + -14 + (9 - (0 + 13 + -11)) - -47
40
Calculate (-24 - -1) + 1 + (-63 - -75) + 49.
39
Evaluate 11 + (-48 - (4 + 4 - -8 - 12)).
-41
Evaluate 44 + -51 + 19 - (30 + 1 + -3).
-16
Evaluate 5 + 2 - 17 - (3 - -5 - (19 - 104)).
-103
10 - (32 - 47 - 7)
32
What is the value of (-23 - (-6 - 16)) + -10 - (11 + -1)?
-21
What is -3027 - -3021 - ((2 - 3) + -11) - (32 - 1)?
-25
What is the value of 5247 - 5229 - (43 - -1)?
-26
-2 - ((-12 - (-18 + 13)) + 56 - (-10 + 20))
-41
Calculate 5 + (-3 - (1 + -4)) + (1675 - 1765).
-85
61 + 31 + (-24 - (19 - 20))
69
What is the value of -6 - (-10 - (12 + -60 + 48 + 82 + -1))?
85
What is -32 - (27 - (-56 - -13))?
-102
Evaluate -222 - (-17 + 24 + -102).
-127
Evaluate (-20 - (-176 - -108)) + -1 + -19.
28
What is the value of -49 - (6 - -98 - 147)?
-6
What is (277 - (292 - 49)) + (-1 - 110)?
-77
What is the value of (16 - -99) + -21 + -22?
72
Evaluate 2 + -3 - 47 - (-23 + 24) - (-1370 - -1363).
-42
What is -46 + (100 - 170) - -30?
-86
(116 - (47 - -17)) + (1 - 9)
44
Calculate 151 - (42 - -74) - (2 + 45).
-12
Calculate (135 + 67 - 191) + (-18 - 1).
-8
Evaluate 28 + (-5 - 0 - -1) + (-16 - (14 - 31)).
25
Evaluate -107 + 126 + (37 - 26).
30
What is 13 + (1 - (2 - 22) - 39)?
-5
What is -12 - (-8 - -5) - (4 + 86 - -7)?
-106
What is (-5 - -1 - (53 - 33)) + (-82 - 15)?
-121
Calculate -1 + 18 - (-9 + -5 - (-89 + 106)).
48
What is 21 + (-11 - (10 + -9 - -14)) - (-2 - 16)?
13
What is -62 - -89 - 9 - (-3 + 8 - (-9 - -1))?
5
Evaluate 53 + -144 - (3 + -13 + -35).
-46
What is the value of 39 + (-34 - (-13 - 12)) + 28?
58
Calculate -1 + 18 - (-60 + 90) - 46.
-59
What is the value of -14 + 62 - (48 + 3)?
-3
What is the value of (1 - 3 - 5) + (100 - (115 - 45))?
23
What is the value of 113 + -6 + 118 - 141?
84
Evaluate -11 + (22 - 52) + 18.
-23
Calculate 11 + (-5 + (-1 - (-19 + 11)) - 48).
-35
-109 - (27 + -110 - -23)
-49
What is -108 - (54 - (113 - 58))?
-107
Evaluate (-19 - -89) + (234 - 282).
22
-3 - 8 - 1 - (28 + 1 + -40)
-1
What is the value of 17 + (118 + -138 - (13 + 3))?
-19
What is -39 + (34 - (22 - -21)) + -1 + (3 - 1)?
-47
Calculate 19 - (18 - (-2 - -20) - -80).
-61
Evaluate 1 + 21 + (10 - (15 - -4) - 4).
9
Evaluate -18 + 39 + (-6 - -14 - (14 - 0)).
15
What is 38 + 21 + (-21 - (1 + 15) - -24)?
46
Evaluate -4 - ((-1 - (-24 + 13) - 25) + 6 - 23).
28
Calculate -11 - (-12 - (-59 + -37 + 27)).
-68
Calculate -17 + 